at are the prime factors of 18348723?
3, 2038747
List the prime factors of 27038266.
2, 29, 269, 1733
What are the prime factors of 3875439?
3, 17, 75989
What are the prime factors of 16130471?
7, 599, 3847
List the prime factors of 3794368.
2, 101, 587
List the prime factors of 28062333.
3, 13, 239849
What are the prime factors of 1037512?
2, 7, 97, 191
List the prime factors of 8930575.
5, 211, 1693
What are the prime factors of 2121682?
2, 181, 5861
List the prime factors of 1383580.
2, 5, 11, 19, 331
What are the prime factors of 742437?
3, 82493
List the prime factors of 83381.
199, 419
What are the prime factors of 774121?
41, 79, 239
List the prime factors of 24522536.
2, 67, 45751
What are the prime factors of 674301?
3, 73, 3079
List the prime factors of 62678.
2, 7, 11, 37
List the prime factors of 20427718.
2, 139, 197, 373
List the prime factors of 2460132.
2, 3, 2531
What are the prime factors of 625349?
43, 14543
What are the prime factors of 922592?
2, 11, 2621
What are the prime factors of 102923?
19, 5417
What are the prime factors of 3815706?
2, 3, 41, 15511
What are the prime factors of 193589?
11, 17599
What are the prime factors of 14382691?
2459, 5849
List the prime factors of 1735942.
2, 13, 179, 373
What are the prime factors of 3930173?
13, 149, 2029
List the prime factors of 3547432.
2, 7, 63347
What are the prime factors of 2420685?
3, 5, 43, 139
What are the prime factors of 110692?
2, 27673
List the prime factors of 85927.
29, 2963
List the prime factors of 5059066.
2, 2529533
What are the prime factors of 3832632?
2, 3, 53231
List the prime factors of 1240301.
19, 29, 2251
What are the prime factors of 367658?
2, 183829
List the prime factors of 28999336.
2, 3624917
List the prime factors of 6583821.
3, 41, 53527
List the prime factors of 1043934.
2, 3, 257, 677
What are the prime factors of 201189?
3, 199, 337
What are the prime factors of 5570863?
47, 118529
What are the prime factors of 2760223?
2760223
What are the prime factors of 34978473?
3, 431833
What are the prime factors of 8051859?
3, 67, 4451
List the prime factors of 6190054.
2, 13, 238079
What are the prime factors of 915512?
2, 13, 8803
What are the prime factors of 286756?
2, 17, 4217
What are the prime factors of 2362010?
2, 5, 7, 41, 823
List the prime factors of 6294327.
3, 13, 251, 643
List the prime factors of 234293.
234293
List the prime factors of 8795358.
2, 3, 11, 13, 17, 67
What are the prime factors of 384782?
2, 192391
What are the prime factors of 6192477?
3, 229351
List the prime factors of 2163063.
3, 7, 17, 73, 83
What are the prime factors of 65491?
79, 829
What are the prime factors of 15012983?
19, 613, 1289
List the prime factors of 33094203.
3, 11031401
What are the prime factors of 438224?
2, 61, 449
List the prime factors of 37484727.
3, 7, 53, 33679
What are the prime factors of 54196?
2, 17, 797
List the prime factors of 15247149.
3, 613, 8291
List the prime factors of 1446796.
2, 13, 27823
What are the prime factors of 460109?
13, 35393
List the prime factors of 196453.
196453
What are the prime factors of 740934?
2, 3, 13721
What are the prime factors of 4375519?
4375519
What are the prime factors of 274889?
274889
List the prime factors of 28074140.
2, 5, 17, 82571
What are the prime factors of 7137878?
2, 11, 324449
List the prime factors of 340392.
2, 3, 13, 1091
List the prime factors of 3530073.
3, 83, 14177
List the prime factors of 854012.
2, 17, 19, 661
List the prime factors of 290223.
3, 3583
List the prime factors of 312327.
3, 34703
List the prime factors of 316730.
2, 5, 19, 1667
What are the prime factors of 14628471?
3, 11, 13, 43, 61
What are the prime factors of 13354?
2, 11, 607
What are the prime factors of 10266295?
5, 13, 59, 2677
List the prime factors of 162833.
11, 113, 131
List the prime factors of 9608649.
3, 3202883
What are the prime factors of 7182563?
7182563
What are the prime factors of 1703835?
3, 5, 7, 601
What are the prime factors of 29402330?
2, 5, 41, 71713
List the prime factors of 179990.
2, 5, 41, 439
List the prime factors of 3307855.
5, 31, 21341
What are the prime factors of 274442?
2, 7, 19603
List the prime factors of 392258.
2, 17, 83, 139
List the prime factors of 257682.
2, 3, 67, 641
What are the prime factors of 23021683?
3079, 7477
List the prime factors of 1144658.
2, 572329
What are the prime factors of 1422711?
3, 23, 29, 79
List the prime factors of 979060.
2, 5, 48953
List the prime factors of 11182542.
2, 3, 7, 181, 1471
What are the prime factors of 172743?
3, 71, 811
List the prime factors of 8446215.
3, 5, 563081
List the prime factors of 548408.
2, 7, 1399
What are the prime factors of 179231?
13, 17, 811
List the prime factors of 2974416.
2, 3, 61967
What are the prime factors of 4606137?
3, 511793
List the prime factors of 653638.
2, 19, 103, 167
What are the prime factors of 454428?
2, 3, 13, 971
List the prime factors of 1018519.
937, 1087
What are the prime factors of 34210202?
2, 13, 701, 1877
List the prime factors of 192368.
2, 11, 1093
What are the prime factors of 18523?
18523
List the prime factors of 3294645.
3, 5, 157, 1399
List the prime factors of 588145.
5, 19, 41, 151
What are the prime factors of 490884?
2, 3, 19, 2153
List the prime factors of 11141040.
2, 3, 5, 61, 761
List the prime factors of 5736800.
2, 5, 71, 101
What are the prime factors of 27944501?
13, 317, 6781
List the prime factors of 7594115.
5, 67, 22669
List the prime factors of 905200.
2, 5, 31, 73
What are the prime factors of 4195509?
3, 31, 197, 229
What are the prime factors of 5658624?
2, 3, 307
List the prime factors of 412570.
2, 5, 41257
What are the prime factors of 2241539?
2241539
What are the prime factors of 176131?
89, 1979
What are the prime factors of 386563?
17, 22739
List the prime factors of 7604196.
2, 3, 317, 1999
List the prime factors of 2667169.
163, 16363
What are the prime factors of 5816046?
2, 3, 969341
What are the prime factors of 5495291?
5495291
What are the prime factors of 224729?
224729
List the prime factors of 10094774.
2, 41, 307, 401
List the prime factors of 6011176.
2, 349, 2153
List the prime factors of 33327.
3, 7, 23
What are the prime factors of 1505918?
2, 31, 107, 227
What are the prime factors of 2071716?
2, 3, 172643
List the prime factors of 975073.
11, 88643
List the prime factors of 30928.
2, 1933
What are the prime factors of 498446?
2, 13, 19, 1009
What are the prime factors of 3003708?
2, 3, 23, 10883
What are the prime factors of 9333315?
3, 5, 433, 479
List the prime factors of 2767234.
2, 67, 107, 193
What are the prime factors of 13244676?
2, 3, 1103723
List the prime factors of 392958.
2, 3, 19, 383
What are the prime factors of 7850877?
3, 2616959
What are the prime factors of 5837114?
2, 31, 3037
List the prime factors of 351574.
2, 37, 4751
List the prime factors of 1344891.
3, 67, 6691
List the prime factors of 403854.
2, 3, 11, 29, 211
What are the prime factors of 772576?
2, 7, 3449
List the prime factors of 359928.
2, 3, 4999
What are the prime factors of 511168?
2, 7, 163
List the prime factors of 250306.
2, 7, 19, 941
What are the prime factors of 592729?
457, 1297
List the prime factors of 7010750.
2, 5, 29, 967
List the prime factors of 596790.
2, 3, 5, 19, 349
What are the prime factors of 2220971?
2220971
What are the prime factors of 199903?
11, 17, 1069
What are the prime factors of 143613?
3, 197
List the prime factors of 177862.
2, 113, 787
What are the prime factors of 943077?
3, 314359
What are the prime factors of 1471908?
2, 3, 23, 5333
List the prime factors of 8033310.
2, 3, 5, 29753
List the prime factors of 3438411.
3, 19, 179, 337
What are the prime factors of 1924542?
2, 3, 31, 3449
List the prime factors of 11711103.
3, 397, 9833
List the prime factors of 112381.
41, 2741
What are the prime factors of 2755453?
1093, 2521
What are the prime factors of 1434971?
37, 38783
What are the prime factors of 438582?
2, 3, 67, 1091
What are the prime factors of 4063397?
13, 19, 16451
What are the prime factors of 3367883?
19, 177257
List the prime factors of 19446360.
2, 3, 5, 162053
List the prime factors of 1767099.
3, 17, 34649
List the prime factors of 860037.
3, 283, 1013
What are the prim